late the greatest common divisor of n and 18.
6
Suppose m = 25*g - 29*g + 17, 3*g = -2*m + 14. Calculate the highest common divisor of 76 and g.
4
Suppose -5*l = -2*l - 114. Let i = -2702 + 2759. Calculate the highest common divisor of l and i.
19
Let y(c) = 3*c**3 + 21*c**2 + 22*c + 17. Let w be y(-5). Calculate the greatest common factor of 1083 and w.
57
Let k(n) = -17*n**3 - 3*n**2 - 2*n + 4. Let j be k(-3). What is the greatest common factor of j and 68?
34
Let u(b) = 33*b**2 + 7*b - 3. Let t be u(-2). Calculate the greatest common divisor of t and 5.
5
Let f(d) = d**3 + 32*d**2 - 5*d - 43. Let o be f(-32). What is the greatest common divisor of o and 18?
9
Let b be -4 - 192/(-12) - -753. What is the highest common factor of 204 and b?
51
Suppose 3*p - 71 = 2*s, -5*p + 119 = 29*s - 33*s. Let d be 184/(-6)*(-6)/4. Calculate the highest common factor of d and p.
23
Let s = 2164 - 954. What is the greatest common divisor of s and 165?
55
Suppose a = -2*o + 33 + 2, 5*a + 25 = 0. Calculate the greatest common divisor of o and 580.
20
Suppose 0 = 23*i - 37*i + 2856. What is the greatest common factor of i and 12?
12
Suppose 3*h - 62 = 118. Calculate the greatest common factor of h and 70.
10
Suppose 3*n + 3 = 6. Let b(x) = 7*x**3 - x**2. Let l be b(n). Calculate the highest common factor of 30 and l.
6
Let g be (8/12)/(((-12)/(-225))/2). Let i be 8/(-16) - (2 - (-110)/(-4)). What is the highest common divisor of i and g?
25
Let h(k) be the third derivative of 0 + 2*k**2 - 4/3*k**3 + 0*k - 1/24*k**4. Let n be h(-13). What is the greatest common divisor of 55 and n?
5
Let h be (-2)/(-1 - 1) + 80 + 14. What is the highest common divisor of 76 and h?
19
Suppose 2*n + 4*s - 56 = 0, 15*s = -n + 12*s + 27. What is the highest common factor of n and 1110?
30
Let t = -12 + 12. Suppose 2*w - 5*x - 144 = -10*x, 0 = -x. Suppose t = -a + 4*a - w. What is the highest common divisor of 24 and a?
24
Let l = -344 - -421. What is the greatest common divisor of 49 and l?
7
Suppose 33*m - 12*m - 4872 = 0. What is the greatest common divisor of 6 and m?
2
Let g = 34 - -41. Let z = g + -39. Let w(i) = 7*i**2 + 3*i + 2. Let b be w(-2). Calculate the highest common divisor of z and b.
12
Let s(c) = 3*c - 7*c - c**2 - 13*c + 3*c**2 + 4. Let f be s(9). Calculate the highest common divisor of 26 and f.
13
Let k(i) = i**3 + 3*i**2 - 5*i + 2. Let v be k(-4). Let n(f) = 7*f + 38. Let o be n(v). Calculate the greatest common divisor of 16 and o.
16
Let a = 15 - -206. Let v be (-6)/24 - a/(-4) - 4. Calculate the highest common factor of v and 68.
17
Let d be 36/54 + 6218/6. What is the highest common factor of 34 and d?
17
Let x = 117 - 48. Let b = 153 - x. Calculate the greatest common factor of 56 and b.
28
Let u = -1 + -4. Let j(n) = n**2 + 6*n + 8. Let o be j(u). Calculate the highest common factor of 21 and o.
3
Let i be 91 - 40/(-8)*3/(-15). What is the greatest common factor of 10 and i?
10
Suppose -v = 3*a + a - 45, 5*a = v + 54. Let r be (a + 4 - 4/(-1))*1. What is the greatest common divisor of r and 19?
19
Let r = -211 - -243. Suppose 5*k - 25 = -0*k, 0 = -5*c + 5*k + 95. Calculate the highest common divisor of r and c.
8
Let u be ((-86)/(-3))/(34/51). What is the highest common divisor of 344 and u?
43
Suppose -3*u = -u - 22. Suppose 3*l = -2*m + 2 + 3, -u = m - 3*l. Let c be -4 + (-6)/m - -10. What is the greatest common divisor of c and 9?
9
Let z be (392/20 + -6)/(1/30). What is the greatest common divisor of z and 48?
24
Let u = 97 - 17. Suppose -o - 2*o = -96. Suppose 5*x - 3*c - 82 + 26 = 0, 0 = -4*x - 4*c + o. What is the highest common factor of x and u?
10
Let b = 9 + -8. Let t be 0 + 8 + b/1. Let d = 239 - 238. What is the greatest common factor of t and d?
1
Let k(y) = 11*y + 168. Let t be k(-14). What is the greatest common divisor of t and 7?
7
Suppose 0 = 29*k - k - 4872. What is the highest common factor of k and 6?
6
Suppose 0 = -5*n - 5*p + 810, 2*n - 314 = p + 2*p. What is the greatest common factor of 10 and n?
10
Let v be 6*(1/2 - -1) - -2. Suppose -h + 4*h = 0, 5*n = 3*h + 15. Suppose -n*d + v + 10 = 0. Calculate the highest common factor of 7 and d.
7
Suppose -37*g + 1760 = -35*g. What is the greatest common factor of 320 and g?
80
Suppose -18*n - 294 = -32*n. Calculate the greatest common factor of 54 and n.
3
Let p(g) = 5*g + 4*g**3 + 33 - 27 + 6*g**2 - 4*g - 3*g**3. Let a be p(-6). Suppose 3*t - 22 - 2 = a. Calculate the greatest common divisor of 88 and t.
8
Suppose -7*o = -10*o + 4*j + 330, -5*o + 567 = -j. What is the highest common factor of o and 171?
57
Let i be (5 - 0)*1 + 43 + -5. What is the highest common factor of 387 and i?
43
Let g = 766 - 716. Calculate the greatest common divisor of g and 100.
50
Let i(o) = o**2 - 27*o + 6. Let y be i(28). What is the highest common divisor of 170 and y?
34
Suppose -j = 0, -3*j = 6*b - 3*b - 135. What is the highest common factor of b and 765?
45
Suppose 0*q + 177 = -2*q - 5*i, -i - 165 = 2*q. Let k be 1 + 113 + (q/9 - -5). What is the greatest common factor of 10 and k?
10
Suppose -95 = -5*c + 15. Calculate the greatest common factor of 10 and c.
2
Suppose -2*z = x - 7*z - 18, 0 = 2*x - 3*z - 15. Let g = -1 + 1. Let d = x - g. What is the highest common factor of 18 and d?
3
Suppose -141 = -33*r + 849. Calculate the greatest common divisor of 102 and r.
6
Let v(b) = b**3 + 2*b**2 - 5*b - 4. Let r(s) = -s + 1. Let h be r(4). Let g be v(h). Suppose 3*x - 18 = g*x. What is the highest common divisor of 12 and x?
6
Suppose -2*y = -7*y. Suppose y = -2*k + 52 + 8. Suppose 0*l + 4*l + 3*r - 21 = 0, 5*r - k = -5*l. What is the highest common divisor of l and 3?
3
Suppose -d - 327 = -2*a, -3*a + 345 = d - 138. Calculate the greatest common factor of a and 6.
6
Suppose -20 = -2*p - 4*d, -5*p + 17 = d - 2*d. Suppose -p*a = -4, -a - 2 = -l + 19. Let n = 5894 - 5883. Calculate the greatest common factor of l and n.
11
Let m = 2078 - 1673. Calculate the greatest common divisor of m and 9.
9
Let d be (6 - 0 - 6) + 6. What is the highest common factor of d and 258?
6
Let o be (-32)/(-112) + 1704/14. Let j = o + -86. What is the highest common factor of 54 and j?
18
Let p = 687 + -583. What is the greatest common factor of p and 130?
26
Let v be (4522/(-28))/((-9)/2 - -4). What is the greatest common factor of v and 17?
17
Suppose 3*j + z - 4 = 0, 2*z = 5*j - 26 + 1. What is the highest common divisor of 36 and j?
3
Suppose 2*u - 13 = 4*m + 13, 0 = 4*u - 3*m - 37. Let t = -36 - -64. What is the highest common factor of t and u?
7
Suppose 418 = -22*a + 1254. Calculate the highest common factor of a and 95.
19
Let z(d) = 40*d - 12. Let y be z(-5). Let v = -65 - y. Let c = v + -91. What is the highest common factor of 7 and c?
7
Suppose 2*l = -p + 5, -3*l + 0 - 3 = 0. Suppose 5*a = -7*a - 240. Let x be (588/35)/((-6)/a). What is the highest common divisor of p and x?
7
Let o = 102 + -307. Let d = o - -321. Let m be d + -4*2/(-2). Calculate the greatest common divisor of m and 48.
24
Let p = 581 - 163. Calculate the greatest common divisor of 38 and p.
38
Let t(x) = -7*x**2 + 156*x - 8. Let c be t(22). What is the greatest common divisor of 420 and c?
12
Let k be (2 - 150/21)/(28/(-294)). Calculate the greatest common divisor of k and 2.
2
Let i = 2742 - 2662. Calculate the highest common divisor of 1480 and i.
40
Let i = 11 + 2. Suppose i - 9 = -2*o. Let r be (o/2)/((-1)/2). What is the greatest common divisor of 5 and r?
1
Let a(y) = 3*y + 13. Let q be a(11). Let j = q - 33. What is the highest common divisor of j and 13?
13
Let q(g) = -24*g - 2. Let b(a) = a**3 - 4*a**2 - 3*a - 12. Let z be b(5). Let t be q(z). Calculate the greatest common factor of 506 and t.
46
Let l(c) = c**2 + 4*c + 8. Let w be l(-6). Let f(s) = 12*s**2 + w*s**2 - s + 4 - 3 + 2*s. Let t be f(-1). What is the highest common factor of 48 and t?
16
Let h be 0 - ((-120)/(-8) + 3*1). Let f be (65 - 21)*h/(-8). What is the greatest common divisor of f and 11?
11
Suppose -14*t + 12*t = -24. Suppose 0 = -3*o - t, 203 = 5*h - 3*o - 9. What is the greatest common factor of h and 320?
40
Suppose -2*h - 2*h = -f - 89, 2*h = -4*f + 58. Calculate the greatest common divisor of 161 and h.
23
Let g(p) = -p**3 + 5*p**2 + 2*p - 21. Let h be g(4). Ca